{"id":507,"date":"2021-04-28T19:25:40","date_gmt":"2021-04-28T19:25:40","guid":{"rendered":"https:\/\/www.lepointensante.com\/solutionsti\/?page_id=507"},"modified":"2021-05-12T13:04:19","modified_gmt":"2021-05-12T13:04:19","slug":"programme","status":"publish","type":"page","link":"https:\/\/www.lepointensante.com\/solutionsti\/programme\/","title":{"rendered":"Programme"},"content":{"rendered":"<p>[et_pb_section fb_built=\u00a0\u00bb1&Prime; _builder_version=\u00a0\u00bb4.0.10&Prime;][et_pb_row _builder_version=\u00a0\u00bb4.0.10&Prime;][et_pb_column type=\u00a0\u00bb4_4&Prime; _builder_version=\u00a0\u00bb4.0.10&Prime;][et_pb_image src=\u00a0\u00bbhttp:\/\/www.lepointensante.com\/solutionsti\/wp-content\/uploads\/sites\/21\/2021\/05\/TI-V4-2021-banner-logos-scaled.jpg\u00a0\u00bb _builder_version=\u00a0\u00bb4.0.10&Prime;][\/et_pb_image][\/et_pb_column][\/et_pb_row][et_pb_row _builder_version=\u00a0\u00bb4.0.10&Prime;][et_pb_column type=\u00a0\u00bb4_4&Prime; _builder_version=\u00a0\u00bb4.0.10&Prime;][et_pb_text _builder_version=\u00a0\u00bb4.0.10&Prime;]<\/p>\n<h1><strong>Programmation<\/strong><\/h1>\n<p>[\/et_pb_text][et_pb_text _builder_version=\u00a0\u00bb4.0.10&Prime;]<\/p>\n<h2>HORAIRE | AVANT-MIDI<\/h2>\n<p>[\/et_pb_text][\/et_pb_column][\/et_pb_row][et_pb_row _builder_version=\u00a0\u00bb4.0.10&Prime;][et_pb_column type=\u00a0\u00bb4_4&Prime; _builder_version=\u00a0\u00bb4.0.10&Prime;][et_pb_tabs _builder_version=\u00a0\u00bb4.0.10&Prime; hover_enabled=\u00a0\u00bb0&Prime;][et_pb_tab title=\u00a0\u00bb8 H 30 | Introduction\u00a0\u00bb _builder_version=\u00a0\u00bb4.0.10&Prime;]<\/p>\n<h3><strong>Mot d&rsquo;ouverture<\/strong><\/h3>\n<p><strong><em>Normand Bouchard<\/em><\/strong><br \/> Pr\u00e9sident, Le Point en sant\u00e9 et services sociaux<\/p>\n<p><strong>\u00a0<\/strong><\/p>\n<h3><strong>Mot de bienvenue | Samsung Canada<\/strong><\/h3>\n<p><strong><em>Claudia Cyr\u00a0\u00a0\u00a0\u00a0 <\/em><\/strong><br \/> Directrice, march\u00e9 gouvernemental et publique<\/p>\n<p>[\/et_pb_tab][et_pb_tab title=\u00a0\u00bb8 H 50 | Grande conf\u00e9rence\u00a0\u00bb _builder_version=\u00a0\u00bb4.0.10&Prime;]<\/p>\n<h2>Les technologies dans le continuum des soins de longue dur\u00e9e\u00a0: des r\u00e9alisations concr\u00e8tes et des innovations \u00e0 notre port\u00e9e<\/h2>\n<p><strong><em>Philippe Voyer, inf., Ph. D.<\/em><\/strong><br \/> Professeur titulaire et responsable de la formation continue<br \/> Facult\u00e9 des Sciences Infirmi\u00e8res \u2013 Universit\u00e9 Laval<\/p>\n<p>[\/et_pb_tab][et_pb_tab title=\u00a0\u00bb9 H 30 | 1I\u00c8RE S\u00c9RIE\u00a0\u00bb _builder_version=\u00a0\u00bb4.0.10&Prime; hover_enabled=\u00a0\u00bb0&Prime;]<\/p>\n<h3>Premi\u00e8re s\u00e9rie | Solutions technologiques<br \/> <strong><\/strong><\/h3>\n<p>\u25ba <strong>Pause-caf\u00e9 et visite du salon virtuel des exposants<\/strong><\/p>\n<h5>\u25ba<strong>\u00a09 h 30<\/strong><\/h5>\n<h3>La technologie au service des a\u00een\u00e9s et proches aidants | Pr\u00e9sent\u00e9 par Samsung Canada<\/h3>\n<p><strong><em>Claudia Cyr<\/em><\/strong><br \/> Directrice, march\u00e9 gouvernemental et publique, Samsung<\/p>\n<p><strong><em>Myriam Denault-Bois<\/em><\/strong><br \/> Directrice g\u00e9n\u00e9rale, Tous Ensemble<\/p>\n<p>&nbsp;<\/p>\n<h5>\u25ba\u00a0<strong>10 h 00<\/strong><\/h5>\n<h3>Solutions technologiques de stimulation cognitive pour les personnes atteintes de pertes cognitives dans les milieux collectifs | Pr\u00e9sent\u00e9 par Eugeria<\/h3>\n<p><strong><em>Stephany Brown <\/em><\/strong><br \/> Vice-pr\u00e9sidente ventes et marketing<\/p>\n<p><strong><em>Val\u00e9rie Larochelle <\/em><\/strong><br \/> Pr\u00e9sidente<\/p>\n<p>[\/et_pb_tab][et_pb_tab title=\u00a0\u00bb10 H 30 | Conf\u00e9rence\u00a0\u00bb _builder_version=\u00a0\u00bb4.0.10&Prime;]<\/p>\n<h2>Co-d\u00e9veloppement d&rsquo;habitations intelligentes pour soutenir le maintien des personnes \u00e2g\u00e9es dans le domicile de leur choix : le Projet Le16<\/h2>\n<p><strong><em>Nathalie Bier<\/em><\/strong><br \/> Professeure agr\u00e9g\u00e9e, Universit\u00e9 de Montr\u00e9al &#8211; CIUSSS CSMTL<\/p>\n<p><strong><em>David Bertrand<\/em><\/strong><br \/> CEO, Hospitalis<\/p>\n<p>[\/et_pb_tab][et_pb_tab title=\u00a0\u00bb11 H 15 | 2E S\u00c9RIE\u00a0\u00bb _builder_version=\u00a0\u00bb4.0.10&Prime; hover_enabled=\u00a0\u00bb0&Prime;]<\/p>\n<h3>Deuxi\u00e8me s\u00e9rie | Solutions technologiques<\/h3>\n<p><strong><\/strong><\/p>\n<h5><span>\u25ba<\/span><span>\u00a0<\/span><strong>11 h 15<\/strong><\/h5>\n<h3>Des technologies mobiles pour soutenir les services \u00e0 domicile | Pr\u00e9sent\u00e9 par Qualicode Logiciel<\/h3>\n<p><strong><em>Nicolas Bastien<\/em><\/strong><br \/> Vice-pr\u00e9sident au d\u00e9veloppement des affaires<\/p>\n<p>&nbsp;<\/p>\n<h5><span style=\"font-size: 16px;\">\u25ba<\/span><span style=\"font-size: 16px;\">\u00a0<\/span><strong style=\"font-size: 16px;\">11 h 45<\/strong><\/h5>\n<h3>Un suivi m\u00e9dical complet en temps r\u00e9el, enfin c\u2019est possible! | Pr\u00e9sent\u00e9 par LeoMed Technologies<\/h3>\n<p><strong><em>Joseph Aubut, MD <\/em><\/strong><br \/> Directeur g\u00e9n\u00e9ral<\/p>\n<p>[\/et_pb_tab][\/et_pb_tabs][\/et_pb_column][\/et_pb_row][et_pb_row _builder_version=\u00a0\u00bb4.0.10&Prime;][et_pb_column type=\u00a0\u00bb4_4&Prime; _builder_version=\u00a0\u00bb4.0.10&Prime;][et_pb_text _builder_version=\u00a0\u00bb4.0.10&Prime;]<\/p>\n<h2>HORAIRE | APR\u00c8S-MIDI<\/h2>\n<p>[\/et_pb_text][et_pb_tabs _builder_version=\u00a0\u00bb4.0.10&Prime; hover_enabled=\u00a0\u00bb0&Prime;][et_pb_tab title=\u00a0\u00bb12 H 15 | D\u00eener-conf\u00e9rence\u00a0\u00bb _builder_version=\u00a0\u00bb4.0.10&Prime;]<\/p>\n<h2>Suivi \u00e0 distance des param\u00e8tres sant\u00e9 chez la personne \u00e2g\u00e9e : opportunit\u00e9s et d\u00e9fis<\/h2>\n<p><strong><em>Alexandre Chagnon, pharmacien <\/em><\/strong><br \/> Sp\u00e9cialiste en sant\u00e9 num\u00e9rique<br \/> Responsable du nanoprogramme en technologies num\u00e9riques de la sant\u00e9, Universit\u00e9 Laval<\/p>\n<p>[\/et_pb_tab][et_pb_tab title=\u00a0\u00bb13 H 00 | 3E S\u00c9RIE\u00a0\u00bb _builder_version=\u00a0\u00bb4.0.10&Prime; hover_enabled=\u00a0\u00bb0&Prime;]<\/p>\n<h3>Troisi\u00e8me s\u00e9rie | Pr\u00e9sentations technologiques<\/h3>\n<p>\u25ba <strong>Pause-caf\u00e9 et visite du salon virtuel des exposants<\/strong><\/p>\n<h5>\u25ba\u00a0<strong>13 h 00<\/strong><\/h5>\n<h3>L\u2019\u00e8re moderne des soins \u00e0 domicile\u00a0pour les CIUSSS \/ CISSS: technologie ouverte, donn\u00e9es intelligentes et implication du patient et de la famille | Pr\u00e9sent\u00e9 par AlayaCare<\/h3>\n<p><strong><em>Martin Ducharme<\/em><\/strong><br \/> Directeur, Strat\u00e9gie et d\u00e9veloppement des affaires<\/p>\n<p>&nbsp;<\/p>\n<h5>\u25ba\u00a0<strong>13 h 30<\/strong><\/h5>\n<h3>Gustav facilite le travail des \u00e9quipes cliniques et des gestionnaires pour une exp\u00e9rience positive pour les r\u00e9sidents | Pr\u00e9sent\u00e9 par Hospitalis<\/h3>\n<p><strong><em>David Bertrand<\/em><\/strong><br \/> Cofondateur et pr\u00e9sident-directeur g\u00e9n\u00e9ral<\/p>\n<p>[\/et_pb_tab][et_pb_tab title=\u00a0\u00bb14 H 00 Panel d&rsquo;experts\u00a0\u00bb _builder_version=\u00a0\u00bb4.0.10&Prime;]<\/p>\n<h2><strong>Panel d\u2019expert | <\/strong>L\u2019adaptation technologique des milieux r\u00e9sidentiels pour les personnes a\u00een\u00e9es<\/h2>\n<p><strong><em>Lisanne Rh\u00e9aume<\/em><\/strong><br \/> Ergoth\u00e9rapeute et auteur, Guide des aidants<\/p>\n<p><strong><em>Feng Shan He<\/em><\/strong><br \/> Physioth\u00e9rapeute sp\u00e9cialis\u00e9 en neurologie, Titulaire d\u2019une ma\u00eetrise en physioth\u00e9rapie<\/p>\n<p><strong><em>Stephany Brown <\/em><\/strong>(mod\u00e9ratrice), Vice-pr\u00e9sidente Ventes et marketing, Eugeria<\/p>\n<p>[\/et_pb_tab][et_pb_tab title=\u00a0\u00bb15 H 00 | 4E S\u00c9RIE\u00a0\u00bb _builder_version=\u00a0\u00bb4.0.10&Prime; hover_enabled=\u00a0\u00bb0&Prime;]<\/p>\n<h3>Quatri\u00e8me s\u00e9rie | Pr\u00e9sentations technologiques<\/h3>\n<h5>\u25ba\u00a0<strong>15 h 00<\/strong><\/h5>\n<h3>Collaborer avec vos intervenants et votre entourage | Pr\u00e9sent\u00e9 par Microsoft<\/h3>\n<p><strong><em>Sylvain Cadoret<\/em><\/strong><br \/> Directeur de compte ex\u00e9cutif<\/p>\n<p><strong><em>Mario Lafond<\/em><\/strong><br \/> Conseiller en strat\u00e9gies technologiques<\/p>\n<p>&nbsp;<\/p>\n<h5>\u25ba\u00a0<strong>15 h 30<\/strong><\/h5>\n<h3>La solution ESPRI pour optimiser la sant\u00e9 mentale de nos a\u00een\u00e9s et de leurs proches aidants dans le contexte d\u2019initiatives innovantes en sant\u00e9 mentale | Pr\u00e9sent\u00e9 par Telus Sant\u00e9<\/h3>\n<p><strong><em>Frank Knoefel, <\/em><\/strong><strong>B.Sc., MD, CCFP (COE), FCFP, MPA<\/strong><br \/> Physicien, AGE-WELL<\/p>\n<p><strong><em>Marjolaine Bergeron <\/em><\/strong><br \/> Conseill\u00e8re en sant\u00e9 Sr. &#8211; Telus Sant\u00e9, Secteur public<\/p>\n<p><strong><em>Diane C\u00f4t\u00e9 <\/em><\/strong><br \/> Pr\u00e9sidente-directrice g\u00e9n\u00e9rale, MEDTEQ+<\/p>\n<p>[\/et_pb_tab][et_pb_tab title=\u00a0\u00bb16 H  00 | Grande conf\u00e9rence\u00a0\u00bb _builder_version=\u00a0\u00bb4.0.10&Prime;]<\/p>\n<h2>Trajectoire Vigie des sympt\u00f4mes COVID-19<\/h2>\n<p><strong><em>Dr R\u00e9al Barette<\/em><\/strong><br \/> M\u00e9decin de famille et membre du Comit\u00e9 directeur clinique COVID-19<br \/> Minist\u00e8re de la Sant\u00e9 et des Services sociaux<\/p>\n<p><strong>M\u00e9lanie Caron<\/strong><br \/> Conseill\u00e8re sp\u00e9ciale t\u00e9l\u00e9sant\u00e9<br \/> Minist\u00e8re de la Sant\u00e9 et des Services sociaux<\/p>\n<p><strong>Isabelle Th\u00e9berge<\/strong><br \/> Coordonnatrice technologique t\u00e9l\u00e9sant\u00e9<br \/> Minist\u00e8re de la Sant\u00e9 et des Services sociaux<\/p>\n<p>[\/et_pb_tab][\/et_pb_tabs][\/et_pb_column][\/et_pb_row][\/et_pb_section]<\/p>\n","protected":false},"excerpt":{"rendered":"<p>ProgrammationHORAIRE | AVANT-MIDIMot d&rsquo;ouverture Normand Bouchard Pr\u00e9sident, Le Point en sant\u00e9 et services sociaux \u00a0 Mot de bienvenue | Samsung Canada Claudia Cyr\u00a0\u00a0\u00a0\u00a0 Directrice, march\u00e9 gouvernemental et publiqueLes technologies dans le continuum des soins de longue dur\u00e9e\u00a0: des r\u00e9alisations concr\u00e8tes et des innovations \u00e0 notre port\u00e9e Philippe Voyer, inf., Ph. D. Professeur titulaire et responsable [&hellip;]<\/p>\n","protected":false},"author":7,"featured_media":0,"parent":0,"menu_order":0,"comment_status":"closed","ping_status":"closed","template":"","meta":{"_acf_changed":false,"_et_pb_use_builder":"on","_et_pb_old_content":"","_et_gb_content_width":"","_exactmetrics_skip_tracking":false,"_exactmetrics_sitenote_active":false,"_exactmetrics_sitenote_note":"","_exactmetrics_sitenote_category":0,"footnotes":""},"class_list":["post-507","page","type-page","status-publish","hentry"],"acf":[],"_links":{"self":[{"href":"https:\/\/www.lepointensante.com\/solutionsti\/wp-json\/wp\/v2\/pages\/507","targetHints":{"allow":["GET"]}}],"collection":[{"href":"https:\/\/www.lepointensante.com\/solutionsti\/wp-json\/wp\/v2\/pages"}],"about":[{"href":"https:\/\/www.lepointensante.com\/solutionsti\/wp-json\/wp\/v2\/types\/page"}],"author":[{"embeddable":true,"href":"https:\/\/www.lepointensante.com\/solutionsti\/wp-json\/wp\/v2\/users\/7"}],"replies":[{"embeddable":true,"href":"https:\/\/www.lepointensante.com\/solutionsti\/wp-json\/wp\/v2\/comments?post=507"}],"version-history":[{"count":16,"href":"https:\/\/www.lepointensante.com\/solutionsti\/wp-json\/wp\/v2\/pages\/507\/revisions"}],"predecessor-version":[{"id":659,"href":"https:\/\/www.lepointensante.com\/solutionsti\/wp-json\/wp\/v2\/pages\/507\/revisions\/659"}],"wp:attachment":[{"href":"https:\/\/www.lepointensante.com\/solutionsti\/wp-json\/wp\/v2\/media?parent=507"}],"curies":[{"name":"wp","href":"https:\/\/api.w.org\/{rel}","templated":true}]}}